o base 12.
b
-72 (base 13) to base 9
-113
-84 (base 15) to base 8
-174
What is 16 (base 7) in base 6?
21
Convert 4 (base 16) to base 3.
11
-4 (base 5) to base 12
-4
Convert -20 (base 4) to base 15.
-8
Convert -64 (base 12) to base 6.
-204
What is -3 (base 7) in base 6?
-3
-100000 (base 2) to base 7
-44
1 (base 15) to base 7
1
-24 (base 10) to base 15
-19
-20 (base 4) to base 16
-8
-1 (base 15) to base 3
-1
1233 (base 4) to base 6
303
-32 (base 14) to base 15
-2e
What is 57 (base 10) in base 15?
3c
Convert 2f (base 16) to base 2.
101111
What is -3a (base 11) in base 13?
-34
100 (base 3) to base 11
9
-145 (base 6) to base 9
-72
-30 (base 4) to base 8
-14
Convert -23 (base 13) to base 6.
-45
-159 (base 13) to base 7
-465
Convert 6 (base 8) to base 12.
6
What is -21 (base 3) in base 16?
-7
What is -2 (base 11) in base 9?
-2
-6 (base 14) to base 12
-6
Convert -4 (base 14) to base 3.
-11
What is -90 (base 11) in base 7?
-201
Convert 60 (base 13) to base 12.
66
Convert -1 (base 3) to base 14.
-1
-2 (base 10) to base 11
-2
What is -3a (base 11) in base 5?
-133
-10 (base 2) to base 16
-2
1b (base 14) to base 11
23
What is 11 (base 9) in base 11?
a
Convert 101010 (base 2) to base 12.
36
Convert 1 (base 10) to base 8.
1
-1 (base 6) to base 16
-1
-2442 (base 5) to base 6
-1420
What is 33 (base 11) in base 4?
210
Convert 153 (base 7) to base 5.
322
5 (base 6) to base 4
11
What is 1 (base 16) in base 7?
1
Convert -103 (base 5) to base 3.
-1001
Convert 2 (base 6) to base 12.
2
Convert 1 (base 16) to base 11.
1
What is 20 (base 4) in base 7?
11
2 (base 13) to base 3
2
What is -96 (base 10) in base 6?
-240
Convert 11 (base 8) to base 2.
1001
What is -1031 (base 4) in base 15?
-52
179 (base 10) to base 3
20122
What is -9 (base 13) in base 5?
-14
31 (base 5) to base 8
20
What is -5 (base 9) in base 10?
-5
Convert -2003 (base 4) to base 5.
-1011
What is -39 (base 11) in base 15?
-2c
What is -2 (base 15) in base 11?
-2
-200 (base 4) to base 7
-44
What is -13 (base 15) in base 12?
-16
10 (base 13) to base 5
23
What is -7 (base 16) in base 3?
-21
Convert 31 (base 4) to base 3.
111
What is -16 (base 9) in base 11?
-14
-1 (base 12) to base 4
-1
What is 3 (base 13) in base 15?
3
Convert -33a (base 11) to base 14.
-210
Convert -14 (base 6) to base 12.
-a
Convert 2 (base 9) to base 12.
2
What is 15 (base 6) in base 8?
13
What is -30 (base 15) in base 16?
-2d
54 (base 6) to base 5
114
Convert 5 (base 15) to base 3.
12
110 (base 3) to base 6
20
Convert 15 (base 8) to base 15.
d
What is 4 (base 13) in base 2?
100
Convert 71 (base 13) to base 4.
1130
What is 132 (base 12) in base 8?
266
-203 (base 7) to base 6
-245
Convert 2 (base 9) to base 10.
2
9 (base 11) to base 4
21
Convert 55 (base 8) to base 12.
39
What is -37 (base 13) in base 9?
-51
2 (base 12) to base 9
2
3 (base 8) to base 14
3
-200 (base 3) to base 7
-24
Convert -14 (base 5) to base 3.
-100
-13 (base 15) to base 16
-12
Convert -3 (base 14) to base 16.
-3
112 (base 5) to base 9
35
What is -13 (base 9) in base 11?
-11
What is 321 (base 8) in base 10?
209
9 (base 13) to base 5
14
What is 34 (base 12) in base 4?
220
Convert 11 (base 4) to base 5.
10
Convert 5 (base 11) to base 15.
5
Convert -11 (base 3) to base 13.
-4
232 (base 12) to base 15
16b
Convert -1111010 (base 2) to base 3.
-11112
What is 100121 (base 3) in base 5?
2014
-5 (base 6) to base 4
-11
What is -2100 (base 3) in base 11?
-58
250 (base 8) to base 9
206
Convert -2 (base 5) to base 14.
-2
What is -155 (base 9) in base 12?
-ab
What is -32 (base 8) in base 9?
-28
4 (base 11) to base 6
4
What is 24 (base 9) in base 2?
10110
Convert -2 (base 11) to base 5.
-2
0 (base 16) to base 15
0
14 (base 15) to base 13
16
What is -f (base 16) in base 12?
-13
Convert 0 (base 14) to base 2.
0
What is 17 (base 8) in base 2?
1111
What is -39 (base 16) in base 2?
-111001
What is 1112 (base 4) in base 15?
5b
-1120 (base 6) to base 5
-2024
Convert 5 (base 6) to base 12.
5
-2 (base 9) to base 14
-2
-2122 (base 3) to base 4
-1013
What is -11 (base 3) in base 5?
-4
What is 17 (base 13) in base 15?
15
What is 165 (base 11) in base 2?
11000000
Convert -15 (base 7) to base 2.
-1100
-231 (base 6) to base 10
-91
What is 20120 (base 3) in base 5?
1202
213 (base 4) to base 16
27
What is 11 (base 2) in base 12?
3
Convert -2 (base 11) to base 6.
-2
What is 37 (base 8) in base 12?
27
2 (base 4) to base 9
2
What is -213 (base 4) in base 7?
-54
Convert d (base 15) to base 8.
15
What is 5 (base 8) in base 15?
5
What is 41 (base 6) in base 3?
221
Convert -13 (base 9) to base 2.
-1100
1111 (base 2) to base 7
21
Convert -2 (base 10) to base 5.
-2
What is -b (base 13) in base 15?
-b
What is -15 (base 6) in base 15?
-b
Convert 13 (base 14) to base 9.
18
Convert -17 (base 10) to base 11.
-16
-3 (base 13) to base 7
-3
What is -24 (base 9) in base 2?
-10110
10 (base 7) to base 6
11
7 (base 14) to base 4
13
111 (base 7) to base 13
45
What is 22 (base 6) in base 11?
13
What is -20010 (base 3) in base 11?
-140
What is 17 (base 11) in base 12?
16
What is 2 (base 16) in base 3?
2
11 (base 6) to base 10
7
50 (base 9) to base 2
101101
What is 280 (base 11) in base 9?
406
Convert -17 (base 15) to base 7.
-31
What is -2120 (base 3) in base 2?
-1000101
-3 (base 4) to base 14
-3
Convert -3 (base 12) to base 4.
-3
Convert 25 (base 15) to base 6.
55
Convert -1 (base 15) to base 9.
-1
What is 4 (base 15) in base 13?
4
Convert 4 (base 6) to base 13.
4
-6c (base 15) to base 2
-1100110
What is 2 (base 4) in base 14?
2
15 (base 9) to base 13
11
-32 (base 16) to base 11
-46
-23 (base 10) to base 16
-17
189 (base 11) to base 10
218
Convert -5 (base 11) to base 9.
-5
-333 (base 8) to base 14
-119
514 (base 7) to base 6
1104
11101 (base 2) to base 15
1e
What is 13 (base 10) in base 12?
11
What is d (base 15) in base 9?
14
What is -10 (base 2) in base 4?
-2
Convert 101 (base 2) to base 7.
5
Convert 100001 (base 2) to base 14.
25
Convert 13 (base 15) to base 8.
22
Convert 17 (base 16) to base 13.
1a
What is 0 (base 7) in base 5?
0
1001 (base 2) to base 8
11
What is 22 (base 3) in base 14?
8
Convert -216 (base 8) to base 10.
-142
2 (base 16) to base 12
2
-4 (base 13) to base 6
-4
Convert 27 (base 15) to base 10.
37
4 (base 15) to base 8
4
-2 (base 7) to base 10
-2
-db (base 16) to base 5
-1334
Convert 4 (base 5) to base 3.
11
Convert -3 (base 14) to base 7.
-3
2 (base 10) to base 15
2
Convert 11 (base 7) to base 6.
12
Convert 4 (base 9) to base 10.
4
100 (base 7) to base 3
1211
-20 (base 7) to base 8
-16
Convert 6 (base 8) to base 2.
110
What is -2 (base 6) in base 12?
-2
-31 (base 6) to base 2
-10011
5 (base 9) to base 14
5
What is -244 (base 5) in base 11?
-68
Convert 10 (base 3) to base 10.
3
What is -5 (base 13) in base 3?
-12
What is -1 (base 16) in base 2?
-1
What is -2d (base 15) in base 9?
-47
Convert -33 (base 11) to base 7.
-51
Convert 1 (base 7) to base 2.
1
What is 20 (base 16) in base 4?
200
What is -23 (base 4) in base 5?
-21
What is -150 (base 10) in base 4?
-2112
Convert -152 (base 7) to base 12.
-72
What is -385 (base 9) in base 15?
-165
What is 1011010 (base 2) in base 16?
5a
Convert 126 (base 11) to base 15.
9e
2 (base 4) to base 13
2
1110 (base 2) to base 5
24
What is 15 (base 6) in base 12?
b
Convert 2 (base 14) to base 3.
2
-62 (base 14) to base 2
-1010110
-35 (base 9) to base 5
-112
-3 (base 8) to base 5
-3
-3 (base 6) to base 2
-11
4 (base 10) to base 15
4
-2 (base 7) to base 10
-2
Convert 1330 (base 4) to base 7.
235
Convert 169 (base 10) to base 8.
251
d5 (base 14) to base 9
227
Convert 66 (base 9) to base 2.
111100
What is 2100 (base 4) in base 2?
10010000
Convert -109 (base 10) to base 4.
-1231
Convert 3 (base 9) to base 5.
3
-96 (base 10) to base 4
-1200
What is -3 (base 7) in base 6?
-3
Convert 16 (base 13) to base 10.
19
Convert -11 (base 2) to base 8.
-3
Convert -3 (base 10) to base 3.
-10
What is 212 (base 3) in base 11?
21
What is -227 (base 11) in base 6?
-1131
What is 12 (base 11) in base 5?
23
-120 (base 4) to base 12
-20
Convert 20000 (base 3) to base 6.
430
-424 (base 5) to base 3
-11020
Convert 28 (base 10) to base 12.
24
What is b1 (base 15) in base 16?
a6
-6 (base 13) to base 11
-6
What is 32 (base 4) in base 11?
13
What is 11 (base 4) in base 9?
5
What is 7 (base 9) in base 